 2*o. Suppose 0 = m - s - 29 + 7, -5*m + o = -4*s. Suppose 4*z = 3*a + 2 - m, 6 = 2*z. What are the prime factors of a?
2, 5
Let i(k) = k - 3. Let o be i(8). Suppose 3*z = -0*p + 5*p - 222, 0 = -o*p + z + 224. Let d = p + -27. What are the prime factors of d?
2, 3
Suppose -5*y - d + 210 + 1339 = 0, 2*d + 1242 = 4*y. List the prime factors of y.
2, 5, 31
Let t = 7243 + -4306. What are the prime factors of t?
3, 11, 89
Let t(f) = -2*f**3 + 2*f**2 - 3*f + 2. Let v be t(1). Let z be 0 - (-4)/(1/v). List the prime factors of ((376/2)/z)/(-1).
47
Suppose -2*b + 5*q + 3448 = 0, 2*b - 3448 = -14*q + 18*q. What are the prime factors of b?
2, 431
Suppose 0 = 10*x - 18*x + 5792. What are the prime factors of x?
2, 181
Suppose -4*z + z - 8 = -k, -z - 3*k = -14. What are the prime factors of (0 + z)/((-1)/22)?
2, 11
Let n(y) be the first derivative of -y**4/4 - 9*y**3 - 33*y**2/2 + 22*y + 33. What are the prime factors of n(-26)?
2, 3, 17
Let q(t) = -9 + t**2 - 3*t - t + 0*t - t. What are the prime factors of q(10)?
41
Let v(b) = -b**3 - 7*b**2 - b - 3. Let w(x) = x**3 + 7*x**2 + 2*x + 4. Let z(o) = -4*v(o) - 3*w(o). List the prime factors of z(-4).
2, 7
Let d(r) = 6*r**2 - 6*r - 1. Let h be d(4). Let w = h + -21. What are the prime factors of w?
2, 5
Let y = -7 - -4. Let f(j) be the third derivative of j**5/20 - j**4/24 - 5*j**3/6 + 2*j**2. List the prime factors of f(y).
5
List the prime factors of 377 - (264/55 - 2/(-10)).
2, 3, 31
Let u = -3 + 0. Let m be (55/(-10))/(u/30). Suppose -z - m = -f - 0*z, -3*f + 5*z + 169 = 0. What are the prime factors of f?
53
Let z = 892 + -447. What are the prime factors of z?
5, 89
Suppose -5*a + 26 - 31 = 0. List the prime factors of a + -2 + (-174)/(-2).
2, 3, 7
Let o(d) = 6*d**2 - 3*d + 1 + 4*d + d**3 + 0*d**3. Let i be (8/16)/(1/(-8)). What are the prime factors of o(i)?
29
Suppose -x + 86 = 3*x - 2*n, 3*n + 91 = 4*x. Suppose -2*z + 4*y + 54 = 0, -z + 2*y - 4*y + x = 0. What are the prime factors of z?
23
List the prime factors of 6*(-1 + 0 + 391/34).
3, 7
Suppose -5 = j - 2*j. Suppose -2*r - 13 = -2*y + 15, y - j*r = 26. What are the prime factors of y?
11
Let m = 115 + 288. List the prime factors of m.
13, 31
Let z be ((-5)/2)/((-2)/4). Suppose -z*f + 0*k + 18 = 4*k, 3*f + 5*k = 16. Let x = f + 19. List the prime factors of x.
3, 7
Suppose 26*b - 639 = 25*b + y, -2*b - 4*y + 1254 = 0. What are the prime factors of b?
5, 127
Let n be (-4)/5 - (-77)/(-35). What are the prime factors of 1/n - (-4)/(24/1022)?
2, 5, 17
Suppose -2*l + 2966 = 2*z - 3618, 3300 = z - l. What are the prime factors of z?
2, 103
Suppose 5*x + 2*h = -3*h + 3310, -4*x - 5*h + 2649 = 0. What are the prime factors of x?
661
Suppose 3*b - 76 = 65. Suppose -8 + b = o. List the prime factors of o.
3, 13
Let h(x) = x**3 + 9*x**2 + 4. Let i be h(-9). Suppose -i*f + 3*f - 45 = -5*d, 39 = 3*d - 3*f. Suppose 0 = -7*z + d + 244. What are the prime factors of z?
2, 3
Let i(r) = -r**2 + 23*r - 1. Let b(h) = -h - 4. Let p be b(-15). What are the prime factors of i(p)?
131
Let b = 32 - 32. Let f be (-3)/6*-8 + b. Suppose -f*q + 126 = -q. List the prime factors of q.
2, 3, 7
Let t(a) = 3*a + 8. Let g = 6 + -6. Suppose -7*u + 3*u + 24 = g. List the prime factors of t(u).
2, 13
Suppose 43*l - 11430 = 28*l. List the prime factors of l.
2, 3, 127
Suppose -23*l + 21*l = -4. Suppose -b + 918 = l*b. What are the prime factors of b?
2, 3, 17
List the prime factors of (2/(-4))/(-2 - 15975/(-7990)).
17, 47
List the prime factors of (81 + (-4 - 14))/((-1)/(-2)).
2, 3, 7
Let t = -35 + 2148. What are the prime factors of t?
2113
Let s(b) = b + 12. Let i(m) = -3*m**2 - m. Let p be i(-2). Let d be s(p). Let l = 19 + d. What are the prime factors of l?
3, 7
Let x(k) = 94*k - 152. What are the prime factors of x(6)?
2, 103
Let h be 0/(1 - 1 - 1). Let c be (-2)/((-4)/6 - h). Let t(r) = 5*r - 2. What are the prime factors of t(c)?
13
Let g be 5 + 1 - (-2 + 2). Suppose 2*x - g = 2, -5*x = 3*q - 20. Suppose 2*w - 124 + 32 = q. What are the prime factors of w?
2, 23
Let w(i) = 160*i**2 - 4*i - 3. Let f be w(-2). Suppose -5*a + y = -4*y - f, -2*a - 2*y + 258 = 0. List the prime factors of a.
3, 43
Let x(g) = -g**3 + 10*g**2 + 17*g - 8. Let r(d) = 6*d - 13. Let w be r(4). What are the prime factors of x(w)?
2, 29
Suppose 0 = 8*r - 4*r + 4032. List the prime factors of r/(-10) - (-16)/(-20).
2, 5
Let c(p) = -p**3 - 13*p**2 - 11*p + 12. Let v = -33 + 21. Let l be c(v). Suppose l = -4*n + 26 + 86. List the prime factors of n.
2, 7
Suppose 0 = 28*a - 78182 - 60754. List the prime factors of a.
2, 3, 827
Let b be 24*(6 - 20/4). Suppose -31*j + b*j + 749 = 0. What are the prime factors of j?
107
Let w = -2134 - -4281. List the prime factors of w.
19, 113
Let r = 135 + -97. What are the prime factors of r?
2, 19
Let o = 764 - 450. List the prime factors of o.
2, 157
Let v(h) = 17*h**2 + 9 - 5*h - 2 + 10*h. List the prime factors of v(-3).
5, 29
Suppose 0 = -4*s + 2*x + 9416, -39*x + 43*x = 2*s - 4714. List the prime factors of s.
13, 181
Let u be (-6)/21 - (-296)/56. Suppose 3*o - 171 = -2*f - 0*o, u*o + 365 = 5*f. List the prime factors of f.
2, 3, 13
Let o = -532 + 1839. List the prime factors of o.
1307
Let q(m) = -m**2 + 15*m + 28. Let v be q(16). Suppose 0 = 14*o - v*o - 108. What are the prime factors of o?
2, 3
Suppose -5*a + 148 = 28. Let h = a - 38. List the prime factors of (-6 - h)*(-2)/(-4).
2
Let m = 58 - 64. What are the prime factors of -4*m/12*47*1?
2, 47
Let k(a) = -a**3 + 7*a**2 + 5. Let c be k(7). Suppose -4*q - 2*m = -4, -3*q + c*m + 16 = -0*m. Suppose -q*f + 12 = -0*f. What are the prime factors of f?
2, 3
Let v = 30 + -55. Let r = v + 29. Suppose -4*z = z - g - 25, -z + 2*g = r. What are the prime factors of z?
2, 3
Let f(b) = 31*b**2 + 22*b - 10. List the prime factors of f(-4).
2, 199
Let t = 172 + 430. What are the prime factors of t?
2, 7, 43
Let v(l) = -6 + 675*l - 673*l + 5 + 10*l**2. Suppose 0 = -3*y - 0 + 3. List the prime factors of v(y).
11
Let s = -3575 - -6453. List the prime factors of s.
2, 1439
Suppose -11*n + 5435 = -8887. What are the prime factors of n?
2, 3, 7, 31
Let r be (285/(-38))/((-6)/(-8)). What are the prime factors of (((-32)/r)/(-4))/((-5)/925)?
2, 37
Let u(c) = 73*c**2 - c + 17. List the prime factors of u(3).
11, 61
Let s = 27 + -44. Let a = 53 + s. List the prime factors of a.
2, 3
Let f(x) = x - 6. Let g be f(-3). Let c = 13 + g. Suppose 5*i - 64 = c*b, -i + b = 3*b - 10. What are the prime factors of i?
2, 3
Let s(a) = -3*a**3 + 3*a + 12. What are the prime factors of s(-3)?
2, 3, 7
Let x = 847 - 256. What are the prime factors of x?
3, 197
Let a be ((-40)/(-8))/((-2)/8). Let n = a + 26. Suppose 3*l = -0*l - n, 5*s - 232 = l. List the prime factors of s.
2, 23
Let x(f) be the first derivative of f**4/4 + f**2 - 69*f - 6. Let d be x(0). Let w = 103 + d. List the prime factors of w.
2, 17
Let s = 24 - 20. Suppose 3*c - s*z = 73, 5*c - 4*z - 135 = -8. What are the prime factors of c?
3
Let t(b) = -6*b + b - 3*b + 7*b + 21. List the prime factors of t(-14).
5, 7
Let f(h) be the second derivative of -h**5/20 - h**4/4 + h**3/3 + 2*h**2 - 6*h. Let g be f(-3). Let d = g + 11. What are the prime factors of d?
3
Let s be (0/(-2 - -5))/1. Suppose -5*z + 113 + 107 = s. What are the prime factors of z?
2, 11
Let y = -750 + 953. List the prime factors of y.
7, 29
Suppose 0 = 3*l + 5*c + 23, -1 = -2*l - c - 7. Let f(h) = -255*h**3 - h**2 + 2*h + 3. What are the prime factors of f(l)?
3, 5, 17
Let w(k) = 2*k**3 - 12*k**2 - 5*k + 28. What are the prime factors of w(9)?
7, 67
Let g(j) = 2*j**3 - 16*j**2 + 2*j - 5. Let c be g(8). Suppose 3*f = 5*w + 27, 0 = 3*f - w + c - 38. List the prime factors of f.
3
Let j = 369 - -857. What are the prime factors of j?
2, 613
Suppose 45*p + 1088 = 61*p. Let u = -15 - -21. Let f = p - u. List the prime factors of f.
2, 31
Let k = -11 + 14. Suppose 2*n + k*n + 10 = 0. List the prime factors of ((-8)/(-6))/(n/(-9)).
2, 3
Let t(i) = -2*i**2 - 61*i + 50. What are the prime factors of t(-25)?
5, 13
Let a(d) = -98*d - 6. Let w(i) = 2*i. Let q(s) = -a(s) - 4*w(s). List the prime factors of q(2).
2, 3, 31
Suppose -28137 + 337 = -20*d. What are the prime factors of d?
2, 5, 139
Suppose -6*u - 2688 = -27*u. List the prim